e 6) in base 13?
347c9
Convert -17ba64 (base 12) to base 14.
-ab0ba
What is 1d6ad (base 16) in base 6?
2325501
Convert -10578a (base 11) to base 4.
-221023023
5d7313 (base 14) to base 13
884436
What is 10cd1 (base 14) in base 15?
c201
What is 883504 (base 10) in base 13?
24c1ab
-aa154 (base 12) to base 13
-7b460
What is -2272644 (base 11) in base 5?
-2004034042
What is 1010111101000010101 (base 2) in base 11?
225743
-20220021032 (base 4) to base 13
-61251b
-1ca5c (base 14) to base 15
-16b26
Convert 1da145 (base 14) to base 7.
12023515
-672477 (base 8) to base 16
-3753f
1862582 (base 13) to base 3
120000010002022
What is -2269441 (base 10) in base 3?
-11021022002101
Convert 5a40c (base 14) to base 6.
4415552
What is 2670810 (base 11) in base 6?
242511554
Convert a9367 (base 12) to base 2.
110110100010111111
What is 2035515 (base 7) in base 13?
87378
-662346 (base 7) to base 4
-130112103
Convert 557753 (base 8) to base 5.
22012040
-454554 (base 7) to base 10
-80889
22314403 (base 5) to base 9
331664
Convert 125130312 (base 7) to base 11.
4590857
What is -21111201210 (base 3) in base 15?
-2dbcc
What is -22b7f6 (base 16) in base 15?
-2ee27d
What is 3065247 (base 10) in base 7?
35024403
-101120101020 (base 3) to base 8
-626251
Convert -14054630 (base 8) to base 5.
-1302344124
Convert -47004 (base 13) to base 14.
-35351
Convert 2193427 (base 10) to base 2.
1000010111100000010011
-386d7 (base 15) to base 11
-113615
-275aa98 (base 11) to base 2
-10010001001101100100111
Convert 111121331213 (base 4) to base 10.
5611367
12432453 (base 8) to base 11
161a258
What is -20455412 (base 6) in base 2?
-10010010001010100000
-1000200210222 (base 3) to base 12
-223598
-607023 (base 8) to base 11
-127470
Convert 21001200210112 (base 3) to base 4.
32110120001
What is -114105531 (base 7) in base 5?
-3302441404
Convert -1a6ac (base 15) to base 8.
-247577
-1b06ba (base 12) to base 9
-807537
What is 12232140 (base 8) in base 6?
133513440
-321136 (base 8) to base 16
-1a25e
1322443 (base 5) to base 4
12133333
What is 1220120002021 (base 3) in base 15?
150a54
-31103103010 (base 4) to base 13
-951184
130213130 (base 4) to base 6
2302352
What is -1103113110 (base 4) in base 9?
-570350
-2810652 (base 10) to base 11
-164a759
-577384 (base 9) to base 5
-42042334
115584a (base 14) to base 3
120120101212212
20002221202001 (base 3) to base 10
3246778
What is -a46077 (base 11) in base 3?
-10011012121110
Convert -11723 (base 9) to base 2.
-1111011000110
-115983 (base 11) to base 2
-101100110011100111
-262761 (base 8) to base 5
-10413013
Convert c12da (base 15) to base 4.
2111103022
Convert -42585 (base 13) to base 6.
-2321400
11041014 (base 5) to base 7
551001
Convert -5aca1 (base 14) to base 2.
-110110001100111101
Convert c3109 (base 15) to base 4.
2112312003
What is -5010441 (base 6) in base 2?
-111001010011111001
44222634 (base 7) to base 4
32200300131
What is -4749a (base 12) in base 3?
-11212022201
What is 14234 (base 5) in base 7?
3324
-3649ba (base 12) to base 4
-3112222132
Convert 1000111011001101110 (base 2) to base 11.
18a805
Convert 32341 (base 12) to base 5.
4104040
What is -249f7 (base 16) in base 11?
-a2780
90003 (base 10) to base 13
31c74
Convert -221313103132 (base 4) to base 5.
-10302140210
Convert -13211030 (base 5) to base 15.
-291b0
Convert -77b7 (base 16) to base 6.
-353515
What is -64d27a (base 15) in base 11?
-2790787
-1a4114 (base 11) to base 10
-312921
-74320 (base 12) to base 16
-253c8
Convert -1827b4 (base 15) to base 7.
-12653305
Convert -ef86 (base 16) to base 8.
-167606
-1506222 (base 7) to base 11
-12a184
What is 375530 (base 9) in base 5?
24232101
Convert 11123423111 (base 5) to base 11.
6a5a221
Convert -3de9ad (base 15) to base 9.
-5550531
Convert 240104414 (base 5) to base 13.
2c56cb
-100001111101111 (base 2) to base 16
-43ef
What is 232050124 (base 6) in base 7?
51353122
Convert 654234 (base 11) to base 14.
1d2c30
What is 1154196 (base 10) in base 6?
40423300
34b504 (base 13) to base 5
310100024
What is 12513154 (base 6) in base 2?
1100101000110111110
Convert 467a67 (base 13) to base 8.
6304734
Convert -14236 (base 11) to base 16.
-4f16
Convert 25b30a (base 13) to base 7.
10510165
Convert -248873 (base 9) to base 4.
-210311220
-3ad38 (base 14) to base 3
-21101021222
What is 1051b5 (base 13) in base 3?
201102211012
Convert 1411885 (base 9) to base 3.
1110101222212
Convert 1120120001222 (base 3) to base 7.
10056125
What is 2fb10 (base 16) in base 12?
95068
What is -401181 (base 13) in base 5?
-340101033
5140001 (base 7) to base 12
257855
333155 (base 7) to base 16
e576
What is 125970 (base 11) in base 2?
110000011000001010
Convert 14204233 (base 5) to base 12.
713ab
Convert 3662d9 (base 14) to base 10.
1861015
What is 1263dc (base 14) in base 6?
21313250
What is 361978 (base 11) in base 5?
121323004
Convert e169 (base 16) to base 12.
29489
Convert 23120013021 (base 4) to base 6.
143531053
b78c3 (base 14) to base 9
745353
Convert 198de9 (base 16) to base 13.
468384
Convert -2734309 (base 10) to base 8.
-12334345
807078 (base 10) to base 13
22347c
33a423 (base 12) to base 9
1488770
What is 110011110011000011 (base 2) in base 14?
57467
Convert 201200012 (base 3) to base 8.
34006
Convert 50424 (base 9) to base 7.
165436
-10122101200 (base 3) to base 9
-118350
Convert -2020202 (base 6) to base 4.
-113123222
Convert 4658 (base 11) to base 9.
8342
234223403 (base 5) to base 12
444647
What is -133d5 (base 16) in base 15?
-1853a
Convert 202b3 (base 15) to base 11.
6a598
-51133 (base 9) to base 6
-415433
201100001121 (base 3) to base 4
1130322211
What is 123302402 (base 6) in base 2?
1001001010110000100010
What is 1ca27 (base 14) in base 8?
217173
Convert -11220121201022 (base 3) to base 10.
-2610341
Convert 101102102112221 (base 3) to base 10.
5539345
Convert -202303341 (base 5) to base 2.
-11001000110001001010
-189c3c (base 15) to base 2
-100100100010111000011
Convert -299004 (base 11) to base 7.
-3650114
What is 11113320 (base 5) in base 13?
35785
Convert 13313444 (base 5) to base 3.
20212212111
Convert -1c22b1 (base 13) to base 10.
-718901
What is -47ec5 (base 15) in base 3?
-102122202112
Convert 122132311313 (base 4) to base 9.
14050652
210012010122102 (base 3) to base 6
1041211445
Convert -1010111011011110001001 (base 2) to base 13.
-7940b2
What is 168407 (base 10) in base 5?
20342112
What is -33001310 (base 4) in base 9?
-103385
1111101102010 (base 3) to base 5
200414120
What is 11122430 (base 5) in base 16?
180ba
Convert -13d2b (base 15) to base 7.
-353522
What is 3dc73 (base 15) in base 16?
3079e
What is -2c816 (base 15) in base 5?
-14043241
Convert -10031002031 (base 4) to base 2.
-100001101000010001101
What is -4112225 (base 6) in base 10?
-196217
What is -165553 (base 7) in base 14?
-c163
What is -31a1750 (base 11) in base 7?
-65543413
4850393 (base 11) to base 10
8448322
What is 1446719 (base 10) in base 6?
51001435
Convert 7243452 (base 10) to base 7.
115365636
What is -131213002003 (base 4) in base 13?
-17ba03b
Convert 21010202010102 (base 3) to base 5.
1432400213
Convert 201a39a (base 11) to base 5.
1403242140
What is -1653636 (base 13) in base 14?
-d57a46
2263c (base 13) to base 3
10011211211
Convert 47253 (base 11) to base 3.
10110112020
-620048 (base 10) to base 13
-1892c0
-1130244 (base 6) to base 3
-2222010201
What is 1d215 (base 15) in base 16?
172fa
What is -821525 (base 9) in base 5?
-111033141
What is -236821 (base 9) in base 12?
-6a79a
Convert -10365031 (base 9) to base 14.
-943443
Convert 1718939 (base 12) to base 11.
2764055
Convert 524997 (base 10) to base 2.
10000000001011000101
Convert -1b7b70 (base 13) to base 11.
-440023
Convert -34a104a (base 12) to base 10.
-10162426
-4684741 (base 9) to base 16
-26b282
Convert -125011 (base 12) to base 6.
-10224021
Convert 12e4b5 (base 15) to base 7.
10503662
What is 751463 (base 8) in base 9?
421767
What is efcb9 (base 16) in base 8?
3576271
Convert dc946 (base 15) to base 12.
299610
-1475175 (base 8) to base 9
-716357
-95bd6 (base 15) to base 2
-1110100000000101000
Convert -34b388 (base 12) to base 5.
-204131414
Convert -184a26 (base 12) to base 5.
-102014402
What is -407e6 (base 15) in base 11?
-12a53a
Convert -96d203 (base 14) to base 16.
-4ded23
Convert -1232100 (base 6) to base 16